{"id":60,"date":"2025-06-17T10:56:49","date_gmt":"2025-06-17T08:56:49","guid":{"rendered":"https:\/\/www.oerv-aisttal.at\/new\/wordpress\/?page_id=60"},"modified":"2025-06-17T14:08:01","modified_gmt":"2025-06-17T12:08:01","slug":"news","status":"publish","type":"page","link":"https:\/\/www.oerv-aisttal.at\/new\/wordpress\/news\/","title":{"rendered":"News"},"content":{"rendered":"<ul class=\"wp-block-latest-posts__list wp-block-latest-posts\"><li><a class=\"wp-block-latest-posts__post-title\" href=\"https:\/\/www.oerv-aisttal.at\/new\/wordpress\/2025\/06\/17\/1-landesmeisterschaft-ooe-sbg\/\">1. Landesmeisterschaft 2025 O\u00d6\/SBG<\/a><div class=\"wp-block-latest-posts__post-full-content\"><!-- wp:paragraph -->\n<p>Die erste Landesmeisterschaft von Ober\u00f6sterreich und Salzburg fand heuer in Seekirchen am Wallersee statt. Einige Aisttaler nahmen den Weg ins benachbarte Bundesland auf sich um dort zu zeigen, was sie k\u00f6nnen. Die Ergebnisse k\u00f6nnen sich wirklich sehen lassen. Fast alle schafften es in ihrer Klasse aufs Stockerl. Dazu gratulieren wir recht herzlich.<\/p>\n<!-- \/wp:paragraph -->\n\n<!-- wp:image {\"id\":94,\"sizeSlug\":\"large\",\"linkDestination\":\"none\"} -->\n<figure class=\"wp-block-image size-large\"><img loading=\"lazy\" decoding=\"async\" width=\"1024\" height=\"621\" src=\"https:\/\/www.oerv-aisttal.at\/new\/wordpress\/wp-content\/uploads\/2025\/06\/WhatsApp-Image-2025-06-09-at-20.24.23-1024x621.jpeg\" alt=\"\" class=\"wp-image-94\" srcset=\"https:\/\/www.oerv-aisttal.at\/new\/wordpress\/wp-content\/uploads\/2025\/06\/WhatsApp-Image-2025-06-09-at-20.24.23-1024x621.jpeg 1024w, https:\/\/www.oerv-aisttal.at\/new\/wordpress\/wp-content\/uploads\/2025\/06\/WhatsApp-Image-2025-06-09-at-20.24.23-300x182.jpeg 300w, https:\/\/www.oerv-aisttal.at\/new\/wordpress\/wp-content\/uploads\/2025\/06\/WhatsApp-Image-2025-06-09-at-20.24.23-768x466.jpeg 768w, https:\/\/www.oerv-aisttal.at\/new\/wordpress\/wp-content\/uploads\/2025\/06\/WhatsApp-Image-2025-06-09-at-20.24.23-1536x931.jpeg 1536w, https:\/\/www.oerv-aisttal.at\/new\/wordpress\/wp-content\/uploads\/2025\/06\/WhatsApp-Image-2025-06-09-at-20.24.23-2048x1242.jpeg 2048w\" sizes=\"auto, (max-width: 1024px) 100vw, 1024px\" \/><\/figure>\n<!-- \/wp:image --><\/div><\/li>\n<\/ul>\n\n\n<h2 class=\"wp-block-heading\">Fr\u00fchjahrsputz<\/h2>\n\n\n\n<p>Am Samstag 7.6.2025 wurde beim \u00d6RV- HSV Aisttal kr\u00e4ftig gearbeitet \u2013 und das, obwohl das Wetter eher bew\u00f6lkt und grau war. Viele flei\u00dfige Helferinnen und Helfer kamen zum Arbeitseinsatz und halfen mit, den Freiplatz wieder sauber und sch\u00f6n zu machen.<\/p>\n\n\n\n<p>Zusammen wurden der Aufenthaltsbereich aufger\u00e4umt, Ger\u00e4te geputzt und alles f\u00fcr die neue Trainingszeit vorbereitet. Es wurde gefegt, geschrubbt, getragen und gelacht \u2013 und das alles mit guter Laune! Auch einige Hunde waren mit dabei und beobachteten neugierig, was ihre Menschen so alles tun.<\/p>\n\n\n\n<p>Ein gro\u00dfes Danke an alle, die mitgeholfen haben! Ohne euch w\u00e4re das nicht m\u00f6glich gewesen. Zum Abschluss des Putzens gab es noch ein Freigetr\u00e4nk, und wir stie\u00dfen gemeinsam auf unsere erfolgreiche Aktion an.<\/p>\n\n\n\n<p>Jetzt ist alles bereit f\u00fcr die neue&nbsp; Freiluftsaison \u2013 und wir freuen uns schon auf viele Trainingsstunden auf einem sauberen, gepflegten Freiplatz.<\/p>\n\n\n\n<p>Du Hund, du bleib gesund du! \ud83d\udc3e<\/p>\n\n\n\n<p>Euer Team vom \u00d6RV- HSV Aisttal<\/p>\n\n\n\n<figure class=\"wp-block-image size-large\"><img loading=\"lazy\" decoding=\"async\" width=\"1024\" height=\"768\" src=\"https:\/\/www.oerv-aisttal.at\/new\/wordpress\/wp-content\/uploads\/2025\/06\/1000179570.jpg\" alt=\"\" class=\"wp-image-61\" srcset=\"https:\/\/www.oerv-aisttal.at\/new\/wordpress\/wp-content\/uploads\/2025\/06\/1000179570.jpg 1024w, https:\/\/www.oerv-aisttal.at\/new\/wordpress\/wp-content\/uploads\/2025\/06\/1000179570-300x225.jpg 300w, https:\/\/www.oerv-aisttal.at\/new\/wordpress\/wp-content\/uploads\/2025\/06\/1000179570-768x576.jpg 768w\" sizes=\"auto, (max-width: 1024px) 100vw, 1024px\" \/><\/figure>\n\n\n\n<figure class=\"wp-block-gallery has-nested-images columns-default is-cropped wp-block-gallery-1 is-layout-flex wp-block-gallery-is-layout-flex\">\n<figure class=\"wp-block-image size-large\"><img loading=\"lazy\" decoding=\"async\" width=\"768\" height=\"1024\" data-id=\"63\" src=\"https:\/\/www.oerv-aisttal.at\/new\/wordpress\/wp-content\/uploads\/2025\/06\/1000179574-768x1024.jpg\" alt=\"\" class=\"wp-image-63\" srcset=\"https:\/\/www.oerv-aisttal.at\/new\/wordpress\/wp-content\/uploads\/2025\/06\/1000179574-768x1024.jpg 768w, https:\/\/www.oerv-aisttal.at\/new\/wordpress\/wp-content\/uploads\/2025\/06\/1000179574-225x300.jpg 225w, https:\/\/www.oerv-aisttal.at\/new\/wordpress\/wp-content\/uploads\/2025\/06\/1000179574-1152x1536.jpg 1152w, https:\/\/www.oerv-aisttal.at\/new\/wordpress\/wp-content\/uploads\/2025\/06\/1000179574.jpg 1536w\" sizes=\"auto, (max-width: 768px) 100vw, 768px\" \/><\/figure>\n\n\n\n<figure class=\"wp-block-image size-large\"><img loading=\"lazy\" decoding=\"async\" width=\"768\" height=\"1024\" data-id=\"62\" src=\"https:\/\/www.oerv-aisttal.at\/new\/wordpress\/wp-content\/uploads\/2025\/06\/1000179572-768x1024.jpg\" alt=\"\" class=\"wp-image-62\" srcset=\"https:\/\/www.oerv-aisttal.at\/new\/wordpress\/wp-content\/uploads\/2025\/06\/1000179572-768x1024.jpg 768w, https:\/\/www.oerv-aisttal.at\/new\/wordpress\/wp-content\/uploads\/2025\/06\/1000179572-225x300.jpg 225w, https:\/\/www.oerv-aisttal.at\/new\/wordpress\/wp-content\/uploads\/2025\/06\/1000179572-1152x1536.jpg 1152w, https:\/\/www.oerv-aisttal.at\/new\/wordpress\/wp-content\/uploads\/2025\/06\/1000179572.jpg 1536w\" sizes=\"auto, (max-width: 768px) 100vw, 768px\" \/><\/figure>\n\n\n\n<figure class=\"wp-block-image size-large\"><img loading=\"lazy\" decoding=\"async\" width=\"768\" height=\"1024\" data-id=\"64\" src=\"https:\/\/www.oerv-aisttal.at\/new\/wordpress\/wp-content\/uploads\/2025\/06\/1000179573-768x1024.jpg\" alt=\"\" class=\"wp-image-64\" srcset=\"https:\/\/www.oerv-aisttal.at\/new\/wordpress\/wp-content\/uploads\/2025\/06\/1000179573-768x1024.jpg 768w, https:\/\/www.oerv-aisttal.at\/new\/wordpress\/wp-content\/uploads\/2025\/06\/1000179573-225x300.jpg 225w, https:\/\/www.oerv-aisttal.at\/new\/wordpress\/wp-content\/uploads\/2025\/06\/1000179573-1152x1536.jpg 1152w, https:\/\/www.oerv-aisttal.at\/new\/wordpress\/wp-content\/uploads\/2025\/06\/1000179573.jpg 1536w\" sizes=\"auto, (max-width: 768px) 100vw, 768px\" \/><\/figure>\n<\/figure>\n","protected":false},"excerpt":{"rendered":"<p>Fr\u00fchjahrsputz Am Samstag 7.6.2025 wurde beim \u00d6RV- HSV Aisttal kr\u00e4ftig gearbeitet \u2013 und das, obwohl das Wetter eher bew\u00f6lkt und grau war. Viele flei\u00dfige Helferinnen und Helfer kamen zum Arbeitseinsatz und halfen mit, den Freiplatz wieder sauber und sch\u00f6n zu machen. Zusammen wurden der Aufenthaltsbereich aufger\u00e4umt, Ger\u00e4te geputzt und alles f\u00fcr die neue Trainingszeit vorbereitet. [&hellip;]<\/p>\n","protected":false},"author":1,"featured_media":0,"parent":0,"menu_order":0,"comment_status":"closed","ping_status":"closed","template":"","meta":{"footnotes":""},"class_list":["post-60","page","type-page","status-publish","hentry"],"_links":{"self":[{"href":"https:\/\/www.oerv-aisttal.at\/new\/wordpress\/wp-json\/wp\/v2\/pages\/60","targetHints":{"allow":["GET"]}}],"collection":[{"href":"https:\/\/www.oerv-aisttal.at\/new\/wordpress\/wp-json\/wp\/v2\/pages"}],"about":[{"href":"https:\/\/www.oerv-aisttal.at\/new\/wordpress\/wp-json\/wp\/v2\/types\/page"}],"author":[{"embeddable":true,"href":"https:\/\/www.oerv-aisttal.at\/new\/wordpress\/wp-json\/wp\/v2\/users\/1"}],"replies":[{"embeddable":true,"href":"https:\/\/www.oerv-aisttal.at\/new\/wordpress\/wp-json\/wp\/v2\/comments?post=60"}],"version-history":[{"count":5,"href":"https:\/\/www.oerv-aisttal.at\/new\/wordpress\/wp-json\/wp\/v2\/pages\/60\/revisions"}],"predecessor-version":[{"id":107,"href":"https:\/\/www.oerv-aisttal.at\/new\/wordpress\/wp-json\/wp\/v2\/pages\/60\/revisions\/107"}],"wp:attachment":[{"href":"https:\/\/www.oerv-aisttal.at\/new\/wordpress\/wp-json\/wp\/v2\/media?parent=60"}],"curies":[{"name":"wp","href":"https:\/\/api.w.org\/{rel}","templated":true}]}}